{"id":763,"date":"2021-09-15T17:34:31","date_gmt":"2021-09-15T15:34:31","guid":{"rendered":"https:\/\/6io.fr\/?page_id=763"},"modified":"2021-09-15T17:34:31","modified_gmt":"2021-09-15T15:34:31","slug":"nos-formules","status":"publish","type":"page","link":"https:\/\/6io.fr\/index.php\/nos-formules\/","title":{"rendered":"Nos Formules"},"content":{"rendered":"\n<p>Profitez de notre grande capacit\u00e9 d&rsquo;h\u00e9bergement au domaine SITIO. <\/p>\n\n\n\n<p>En effet, nous avons une capacit\u00e9 maximale d&rsquo;accueil  de 35 couchages : 15 en chambres d&rsquo;h\u00f4tes et 20 en g\u00eetes et\/ou meubl\u00e9es de tourisme.<\/p>\n\n\n\n<p>Si pour un \u00e9v\u00e8nement ou une r\u00e9union de famille ou encore une session, vous constituez un groupe, vous pouvez nous consulter pour ajuster le tarif au plus pr\u00eat de votre budget. Selon la p\u00e9riode des tarifications peuvent devenir plus avantageuse, alors n&rsquo;h\u00e9sitez pas \u00e0 nous contacter pour qu&rsquo;on \u00e9tudie les offres possibles.<\/p>\n\n\n\n<p><\/p>\n","protected":false},"excerpt":{"rendered":"<p>Profitez de notre grande capacit\u00e9 d&rsquo;h\u00e9bergement au domaine SITIO. En effet, nous avons une capacit\u00e9 maximale d&rsquo;accueil de 35 couchages : 15 en chambres d&rsquo;h\u00f4tes et 20 en g\u00eetes et\/ou meubl\u00e9es de tourisme. Si pour un \u00e9v\u00e8nement ou une r\u00e9union de famille ou encore une session, vous constituez un groupe, vous pouvez nous consulter pour &hellip; <\/p>\n<p class=\"link-more\"><a href=\"https:\/\/6io.fr\/index.php\/nos-formules\/\" class=\"more-link\">Continuer la lecture<span class=\"screen-reader-text\"> de &laquo;&nbsp;Nos Formules&nbsp;&raquo;<\/span><\/a><\/p>\n","protected":false},"author":1,"featured_media":0,"parent":0,"menu_order":0,"comment_status":"closed","ping_status":"closed","template":"","meta":{"footnotes":""},"class_list":["post-763","page","type-page","status-publish","hentry"],"_links":{"self":[{"href":"https:\/\/6io.fr\/index.php\/wp-json\/wp\/v2\/pages\/763","targetHints":{"allow":["GET"]}}],"collection":[{"href":"https:\/\/6io.fr\/index.php\/wp-json\/wp\/v2\/pages"}],"about":[{"href":"https:\/\/6io.fr\/index.php\/wp-json\/wp\/v2\/types\/page"}],"author":[{"embeddable":true,"href":"https:\/\/6io.fr\/index.php\/wp-json\/wp\/v2\/users\/1"}],"replies":[{"embeddable":true,"href":"https:\/\/6io.fr\/index.php\/wp-json\/wp\/v2\/comments?post=763"}],"version-history":[{"count":1,"href":"https:\/\/6io.fr\/index.php\/wp-json\/wp\/v2\/pages\/763\/revisions"}],"predecessor-version":[{"id":766,"href":"https:\/\/6io.fr\/index.php\/wp-json\/wp\/v2\/pages\/763\/revisions\/766"}],"wp:attachment":[{"href":"https:\/\/6io.fr\/index.php\/wp-json\/wp\/v2\/media?parent=763"}],"curies":[{"name":"wp","href":"https:\/\/api.w.org\/{rel}","templated":true}]}}