{"id":262,"date":"2020-03-05T23:55:56","date_gmt":"2020-03-05T22:55:56","guid":{"rendered":"http:\/\/6io.fr\/beta\/?page_id=262"},"modified":"2025-10-23T22:58:16","modified_gmt":"2025-10-23T20:58:16","slug":"gite-bethleem-37m2-t2","status":"publish","type":"page","link":"https:\/\/6io.fr\/index.php\/gite-bethleem-37m2-t2\/","title":{"rendered":"G\u00eete Bethl\u00e9em 37m2 T2"},"content":{"rendered":"\n<p class=\"has-drop-cap has-background\" style=\"background-color:#67c1e7\">Ce g\u00eete de plain-pied et tout en longueur a \u00e9t\u00e9 am\u00e9nag\u00e9 comme un grand mobilhome. D&rsquo;aspect rustique avec ses poutres apparentes, il a une capacit\u00e9 de 6 couchages ( 2 couchages en mezzanine, 2 en 1 clic-clac, 2 en 2 lits jumeaux).<br> Ce gite dispose de 2 entr\u00e9es, 1 c\u00f4t\u00e9 chambre et 1 c\u00f4t\u00e9 salon. Au centre, vous trouverez la cuisine, encastr\u00e9e dans une petite salle \u00e0 manger. \u00c0 cot\u00e9 d&rsquo;elle, vous acc\u00e8derez \u00e0 l&rsquo;unique salle d&rsquo;eau (douche, WC et lavabo) \u00e0 double entr\u00e9e.<br>La chambre est compos\u00e9e d&rsquo;un lit double (160&#215;200) convertible en 2 lits jumeaux. Un couchage en mezzanine permet aux enfants de plus de 6 ans ou au personnes les plus alertes de grimper dans l&rsquo;alc\u00f4ve pour y dormir confortablement sur un matelas bultex (80&#215;200). Une table de nuit avec un petit ventilateur permet, au moment des grandes chaleurs,  de rafra\u00eechir l&rsquo;espace en hauteur. <br>Dans le salon, vous trouverez une autre alc\u00f4ve, identique \u00e0 la premi\u00e8re pour le 2\u00e8me couchage en mezzanine. Le salon est \u00e9quip\u00e9 d&rsquo;un clic-clac de 140&#215;200.<br>\u00c0 l&rsquo;ext\u00e9rieur, vous b\u00e9n\u00e9ficiez d&rsquo;une cour privative de 25-30m2 et de sa petite table pour prendre vos repas dehors. Vous pourrez aussi profiter du jardin commun \u00e0 toute la r\u00e9sidence, situ\u00e9 aux abords de la piscine de la r\u00e9sidence. L&rsquo;acc\u00e8s \u00e0 la piscine est comprise dans le forfait aux heures et jours d&rsquo;ouvertures.<\/p>\n\n\n\n<p><mark style=\"background-color:rgba(0, 0, 0, 0)\" class=\"has-inline-color has-vivid-red-color\"><strong>Les draps et serviettes sont inclus dans le tarif. Les lits \u00e9tant faits \u00e0 l&rsquo;avance, merci de nous pr\u00e9ciser si dans la chambre le lit double doit \u00eatre converti en 2 lits jumeaux.<\/strong><\/mark><\/p>\n\n\n\n<figure class=\"wp-block-table\"><table><tbody><tr><td><em><strong>Tarifs pour 4 personnes<\/strong><\/em><\/td><td><strong>Une nuit\u00e9e<\/strong><\/td><td><strong>Une semaine<\/strong><\/td><\/tr><tr><td><em>Basse saison<\/em><\/td><td>    90,00\u20ac <\/td><td>        441,00\u20ac<\/td><\/tr><tr><td><em>Moyenne Saison<\/em><\/td><td>    101,25\u20ac<\/td><td>        496,13\u20ac<\/td><\/tr><tr><td><em>Haute saison<\/em><\/td><td>   140,00\u20ac<\/td><td>        686,00\u20ac<\/td><\/tr><tr><td>Tr\u00e8s Haute saison<\/td><td>   155,00\u20ac<\/td><td>     1.085,00\u20ac<\/td><\/tr><tr><td>Une personne suppl\u00e9mentaire<\/td><td>     10,00\u20ac<\/td><td>          49,00\u20ac<\/td><\/tr><tr><td>Forfait m\u00e9nage <\/td><td>     20,00\u20ac<\/td><td>          40,00\u20ac<\/td><\/tr><tr><td>Kit Petit d\u00e9jeuner<sub>\/pers.<\/sub> <sub>(uniquement sur r\u00e9servation \u00e0 certaine p\u00e9riode)<\/sub><\/td><td>       7,50\u20ac<\/td><td>          52,50\u20ac<\/td><\/tr><tr><td>Kit Repas<sub>\/pers. (uniquement sur r\u00e9servation \u00e0 certaine p\u00e9riode)<\/sub><\/td><td>     15,00\u20ac<\/td><td>        105,00\u20ac<\/td><\/tr><\/tbody><\/table><figcaption class=\"wp-element-caption\"><mark style=\"background-color:rgba(0, 0, 0, 0)\" class=\"has-inline-color has-vivid-red-color\">5\u20ac de frais de gestion et la taxe de s\u00e9jour (1,50\u20ac par adulte et par nuit) sont \u00e0 compter en plus.<\/mark><br>BS => Basse saison : tous les jours (sauf f\u00eates et vacances toutes zone, et hors THS) ;<br>MS => Moyenne saison : f\u00eates et toutes vacances toutes zones (hors vacances d&rsquo;\u00e9t\u00e9 et THS)<br>HS => Haute saison : juillet et ao\u00fbt (hors THS)<br>THS=> Tr\u00e8s hautes saisons. Comprend les sessions et \u00e9v\u00e8nements organis\u00e9s sur Paray-le-Monial.<\/figcaption><\/figure>\n\n\n\n<p><br><span class=\"has-inline-color has-vivid-red-color\"><strong>Les lieux sont \u00e0 rendre rang\u00e9s et organis\u00e9s de la m\u00eame mani\u00e8re qu&rsquo;\u00e0 votre arriv\u00e9e<\/strong>.<\/span><\/p>\n\n\n\n\n\n\n\n<figure class=\"wp-block-gallery has-nested-images columns-default is-cropped wp-block-gallery-1 is-layout-flex wp-block-gallery-is-layout-flex\">\n<figure class=\"wp-block-image size-large\"><img fetchpriority=\"high\" decoding=\"async\" width=\"1024\" height=\"683\" data-id=\"598\" src=\"https:\/\/6io.fr\/wp-content\/uploads\/2021\/09\/cropped-DJI_0172-scaled-1-1024x683.jpg\" alt=\"\" class=\"wp-image-598\" srcset=\"https:\/\/6io.fr\/wp-content\/uploads\/2021\/09\/cropped-DJI_0172-scaled-1-1024x683.jpg 1024w, https:\/\/6io.fr\/wp-content\/uploads\/2021\/09\/cropped-DJI_0172-scaled-1-300x200.jpg 300w, https:\/\/6io.fr\/wp-content\/uploads\/2021\/09\/cropped-DJI_0172-scaled-1-768x512.jpg 768w, https:\/\/6io.fr\/wp-content\/uploads\/2021\/09\/cropped-DJI_0172-scaled-1-1536x1025.jpg 1536w, https:\/\/6io.fr\/wp-content\/uploads\/2021\/09\/cropped-DJI_0172-scaled-1.jpg 2000w\" sizes=\"(max-width: 767px) 89vw, (max-width: 1000px) 54vw, (max-width: 1071px) 543px, 580px\" \/><figcaption class=\"wp-element-caption\">Piscine chauff\u00e9e vue de haut SITIO Paray-le-Monial<\/figcaption><\/figure>\n\n\n\n<figure class=\"wp-block-image size-large\"><img decoding=\"async\" width=\"1024\" height=\"683\" data-id=\"573\" src=\"https:\/\/6io.fr\/wp-content\/uploads\/2021\/09\/IMGP6010-1024x683.jpg\" alt=\"\" class=\"wp-image-573\" srcset=\"https:\/\/6io.fr\/wp-content\/uploads\/2021\/09\/IMGP6010-1024x683.jpg 1024w, https:\/\/6io.fr\/wp-content\/uploads\/2021\/09\/IMGP6010-300x200.jpg 300w, https:\/\/6io.fr\/wp-content\/uploads\/2021\/09\/IMGP6010-768x512.jpg 768w, https:\/\/6io.fr\/wp-content\/uploads\/2021\/09\/IMGP6010-1536x1024.jpg 1536w, https:\/\/6io.fr\/wp-content\/uploads\/2021\/09\/IMGP6010-2048x1365.jpg 2048w\" sizes=\"(max-width: 767px) 89vw, (max-width: 1000px) 54vw, (max-width: 1071px) 543px, 580px\" \/><figcaption class=\"wp-element-caption\">Rack \u00e0 v\u00e9los SITIO Paray-le-Monial<\/figcaption><\/figure>\n<\/figure>\n\n\n\n<figure class=\"wp-block-gallery has-nested-images columns-2 is-cropped wp-block-gallery-2 is-layout-flex wp-block-gallery-is-layout-flex\">\n<figure class=\"wp-block-image size-large\"><img decoding=\"async\" width=\"480\" height=\"640\" data-id=\"622\" src=\"https:\/\/6io.fr\/wp-content\/uploads\/2021\/09\/IMG_6732-rotated.jpg\" alt=\"\" class=\"wp-image-622\" srcset=\"https:\/\/6io.fr\/wp-content\/uploads\/2021\/09\/IMG_6732-rotated.jpg 480w, https:\/\/6io.fr\/wp-content\/uploads\/2021\/09\/IMG_6732-225x300.jpg 225w\" sizes=\"(max-width: 480px) 100vw, 480px\" \/><figcaption class=\"wp-element-caption\">Chambre du g\u00eete Bethl\u00e9em SITIO \u00e0 Paray-le-Monial<\/figcaption><\/figure>\n\n\n\n<figure class=\"wp-block-image size-large\"><img loading=\"lazy\" decoding=\"async\" width=\"640\" height=\"480\" data-id=\"623\" src=\"https:\/\/6io.fr\/wp-content\/uploads\/2021\/09\/IMG_6733.jpg\" alt=\"\" class=\"wp-image-623\" srcset=\"https:\/\/6io.fr\/wp-content\/uploads\/2021\/09\/IMG_6733.jpg 640w, https:\/\/6io.fr\/wp-content\/uploads\/2021\/09\/IMG_6733-300x225.jpg 300w\" sizes=\"(max-width: 640px) 100vw, 640px\" \/><figcaption class=\"wp-element-caption\">Chambre du g\u00eete Bethl\u00e9em SITIO \u00e0 Paray-le-Monial<\/figcaption><\/figure>\n\n\n\n<figure class=\"wp-block-image size-large\"><img loading=\"lazy\" decoding=\"async\" width=\"640\" height=\"480\" data-id=\"624\" src=\"https:\/\/6io.fr\/wp-content\/uploads\/2021\/09\/IMG_6734.jpg\" alt=\"\" class=\"wp-image-624\" srcset=\"https:\/\/6io.fr\/wp-content\/uploads\/2021\/09\/IMG_6734.jpg 640w, https:\/\/6io.fr\/wp-content\/uploads\/2021\/09\/IMG_6734-300x225.jpg 300w\" sizes=\"(max-width: 640px) 100vw, 640px\" \/><figcaption class=\"wp-element-caption\">Chambre du g\u00eete Bethl\u00e9em SITIO \u00e0 Paray-le-Monial<\/figcaption><\/figure>\n\n\n\n<figure class=\"wp-block-image size-large\"><img loading=\"lazy\" decoding=\"async\" width=\"480\" height=\"640\" data-id=\"625\" src=\"https:\/\/6io.fr\/wp-content\/uploads\/2021\/09\/IMG_6735-rotated.jpg\" alt=\"\" class=\"wp-image-625\" srcset=\"https:\/\/6io.fr\/wp-content\/uploads\/2021\/09\/IMG_6735-rotated.jpg 480w, https:\/\/6io.fr\/wp-content\/uploads\/2021\/09\/IMG_6735-225x300.jpg 225w\" sizes=\"(max-width: 480px) 100vw, 480px\" \/><figcaption class=\"wp-element-caption\">Chambre du g\u00eete Bethl\u00e9em SITIO \u00e0 Paray-le-Monial<\/figcaption><\/figure>\n\n\n\n<figure class=\"wp-block-image size-large\"><img loading=\"lazy\" decoding=\"async\" width=\"640\" height=\"480\" data-id=\"626\" src=\"https:\/\/6io.fr\/wp-content\/uploads\/2021\/09\/IMG_6736.jpg\" alt=\"\" class=\"wp-image-626\" srcset=\"https:\/\/6io.fr\/wp-content\/uploads\/2021\/09\/IMG_6736.jpg 640w, https:\/\/6io.fr\/wp-content\/uploads\/2021\/09\/IMG_6736-300x225.jpg 300w\" sizes=\"(max-width: 640px) 100vw, 640px\" \/><figcaption class=\"wp-element-caption\">Chambre du g\u00eete Bethl\u00e9em SITIO \u00e0 Paray-le-Monial<\/figcaption><\/figure>\n\n\n\n<figure class=\"wp-block-image size-large\"><img loading=\"lazy\" decoding=\"async\" width=\"480\" height=\"640\" data-id=\"627\" src=\"https:\/\/6io.fr\/wp-content\/uploads\/2021\/09\/IMG_6737-rotated.jpg\" alt=\"\" class=\"wp-image-627\" srcset=\"https:\/\/6io.fr\/wp-content\/uploads\/2021\/09\/IMG_6737-rotated.jpg 480w, https:\/\/6io.fr\/wp-content\/uploads\/2021\/09\/IMG_6737-225x300.jpg 225w\" sizes=\"(max-width: 480px) 100vw, 480px\" \/><figcaption class=\"wp-element-caption\">Chambre du g\u00eete Bethl\u00e9em SITIO \u00e0 Paray-le-Monial<\/figcaption><\/figure>\n\n\n\n<figure class=\"wp-block-image size-large\"><img loading=\"lazy\" decoding=\"async\" width=\"1024\" height=\"768\" data-id=\"628\" src=\"https:\/\/6io.fr\/wp-content\/uploads\/2021\/09\/IMG_7210-1024x768.jpg\" alt=\"\" class=\"wp-image-628\" srcset=\"https:\/\/6io.fr\/wp-content\/uploads\/2021\/09\/IMG_7210-1024x768.jpg 1024w, https:\/\/6io.fr\/wp-content\/uploads\/2021\/09\/IMG_7210-300x225.jpg 300w, https:\/\/6io.fr\/wp-content\/uploads\/2021\/09\/IMG_7210-768x576.jpg 768w, https:\/\/6io.fr\/wp-content\/uploads\/2021\/09\/IMG_7210-1536x1152.jpg 1536w, https:\/\/6io.fr\/wp-content\/uploads\/2021\/09\/IMG_7210-2048x1536.jpg 2048w\" sizes=\"(max-width: 767px) 89vw, (max-width: 1000px) 54vw, (max-width: 1071px) 543px, 580px\" \/><figcaption class=\"wp-element-caption\">Cuisine du g\u00eete Bethl\u00e9em SITIO \u00e0 Paray-le-Monial<\/figcaption><\/figure>\n\n\n\n<figure class=\"wp-block-image size-large\"><img loading=\"lazy\" decoding=\"async\" width=\"768\" height=\"1024\" data-id=\"629\" src=\"https:\/\/6io.fr\/wp-content\/uploads\/2021\/09\/IMG_7211-768x1024.jpg\" alt=\"\" class=\"wp-image-629\" srcset=\"https:\/\/6io.fr\/wp-content\/uploads\/2021\/09\/IMG_7211-768x1024.jpg 768w, https:\/\/6io.fr\/wp-content\/uploads\/2021\/09\/IMG_7211-225x300.jpg 225w, https:\/\/6io.fr\/wp-content\/uploads\/2021\/09\/IMG_7211-1152x1536.jpg 1152w, https:\/\/6io.fr\/wp-content\/uploads\/2021\/09\/IMG_7211-1536x2048.jpg 1536w, https:\/\/6io.fr\/wp-content\/uploads\/2021\/09\/IMG_7211-scaled.jpg 1920w\" sizes=\"(max-width: 767px) 89vw, (max-width: 1000px) 54vw, (max-width: 1071px) 543px, 580px\" \/><figcaption class=\"wp-element-caption\">Salle \u00e0 ganger de la cuisine du G\u00eete Bethl\u00e9em SITIO \u00e0 Paray-le-Mionial<\/figcaption><\/figure>\n\n\n\n<figure class=\"wp-block-image size-large\"><img loading=\"lazy\" decoding=\"async\" width=\"768\" height=\"1024\" data-id=\"630\" src=\"https:\/\/6io.fr\/wp-content\/uploads\/2021\/09\/IMG_7212-768x1024.jpg\" alt=\"\" class=\"wp-image-630\" srcset=\"https:\/\/6io.fr\/wp-content\/uploads\/2021\/09\/IMG_7212-768x1024.jpg 768w, https:\/\/6io.fr\/wp-content\/uploads\/2021\/09\/IMG_7212-225x300.jpg 225w, https:\/\/6io.fr\/wp-content\/uploads\/2021\/09\/IMG_7212-1152x1536.jpg 1152w, https:\/\/6io.fr\/wp-content\/uploads\/2021\/09\/IMG_7212-1536x2048.jpg 1536w, https:\/\/6io.fr\/wp-content\/uploads\/2021\/09\/IMG_7212-scaled.jpg 1920w\" sizes=\"(max-width: 767px) 89vw, (max-width: 1000px) 54vw, (max-width: 1071px) 543px, 580px\" \/><figcaption class=\"wp-element-caption\">Vue sur le salon du g\u00eete Bethl\u00e9em SITIO \u00e0 Paray-le-Monial<\/figcaption><\/figure>\n\n\n\n<figure class=\"wp-block-image size-large\"><img loading=\"lazy\" decoding=\"async\" width=\"768\" height=\"1024\" data-id=\"631\" src=\"https:\/\/6io.fr\/wp-content\/uploads\/2021\/09\/IMG_7213-768x1024.jpg\" alt=\"\" class=\"wp-image-631\" srcset=\"https:\/\/6io.fr\/wp-content\/uploads\/2021\/09\/IMG_7213-768x1024.jpg 768w, https:\/\/6io.fr\/wp-content\/uploads\/2021\/09\/IMG_7213-225x300.jpg 225w, https:\/\/6io.fr\/wp-content\/uploads\/2021\/09\/IMG_7213-1152x1536.jpg 1152w, https:\/\/6io.fr\/wp-content\/uploads\/2021\/09\/IMG_7213-1536x2048.jpg 1536w, https:\/\/6io.fr\/wp-content\/uploads\/2021\/09\/IMG_7213-scaled.jpg 1920w\" sizes=\"(max-width: 767px) 89vw, (max-width: 1000px) 54vw, (max-width: 1071px) 543px, 580px\" \/><figcaption class=\"wp-element-caption\">Salon du g\u00eete Bethl\u00e9em SITIO \u00e0 Paray-le-Monial<\/figcaption><\/figure>\n<\/figure>\n","protected":false},"excerpt":{"rendered":"<p>Ce g\u00eete de plain-pied et tout en longueur a \u00e9t\u00e9 am\u00e9nag\u00e9 comme un grand mobilhome. D&rsquo;aspect rustique avec ses poutres apparentes, il a une capacit\u00e9 de 6 couchages ( 2 couchages en mezzanine, 2 en 1 clic-clac, 2 en 2 lits jumeaux). Ce gite dispose de 2 entr\u00e9es, 1 c\u00f4t\u00e9 chambre et 1 c\u00f4t\u00e9 salon. &hellip; <\/p>\n<p class=\"link-more\"><a href=\"https:\/\/6io.fr\/index.php\/gite-bethleem-37m2-t2\/\" class=\"more-link\">Continuer la lecture<span class=\"screen-reader-text\"> de &laquo;&nbsp;G\u00eete Bethl\u00e9em 37m2 T2&nbsp;&raquo;<\/span><\/a><\/p>\n","protected":false},"author":1,"featured_media":0,"parent":0,"menu_order":0,"comment_status":"closed","ping_status":"closed","template":"","meta":{"footnotes":""},"class_list":["post-262","page","type-page","status-publish","hentry"],"_links":{"self":[{"href":"https:\/\/6io.fr\/index.php\/wp-json\/wp\/v2\/pages\/262","targetHints":{"allow":["GET"]}}],"collection":[{"href":"https:\/\/6io.fr\/index.php\/wp-json\/wp\/v2\/pages"}],"about":[{"href":"https:\/\/6io.fr\/index.php\/wp-json\/wp\/v2\/types\/page"}],"author":[{"embeddable":true,"href":"https:\/\/6io.fr\/index.php\/wp-json\/wp\/v2\/users\/1"}],"replies":[{"embeddable":true,"href":"https:\/\/6io.fr\/index.php\/wp-json\/wp\/v2\/comments?post=262"}],"version-history":[{"count":25,"href":"https:\/\/6io.fr\/index.php\/wp-json\/wp\/v2\/pages\/262\/revisions"}],"predecessor-version":[{"id":1087,"href":"https:\/\/6io.fr\/index.php\/wp-json\/wp\/v2\/pages\/262\/revisions\/1087"}],"wp:attachment":[{"href":"https:\/\/6io.fr\/index.php\/wp-json\/wp\/v2\/media?parent=262"}],"curies":[{"name":"wp","href":"https:\/\/api.w.org\/{rel}","templated":true}]}}