{"id":236,"date":"2020-03-05T23:38:02","date_gmt":"2020-03-05T22:38:02","guid":{"rendered":"http:\/\/6io.fr\/beta\/?page_id=236"},"modified":"2025-10-23T16:01:04","modified_gmt":"2025-10-23T14:01:04","slug":"chambre-sainte-marguerite-marie","status":"publish","type":"page","link":"https:\/\/6io.fr\/index.php\/chambre-sainte-marguerite-marie\/","title":{"rendered":"Chambre Sainte-Marguerite-Marie"},"content":{"rendered":"\n<div class=\"wp-block-group\"><div class=\"wp-block-group__inner-container is-layout-flow wp-block-group-is-layout-flow\">\n<p class=\"has-drop-cap has-background\" style=\"background-color:#ecd28b\">Cette chambre se situe au 1er \u00e9tage, elle est compos\u00e9e d&rsquo;un lit double. Il est possible de transformer le lit double en 2 lits jumeaux. Dans cette chambre, vous disposez d&rsquo;une douche, d&rsquo;un lavabo et d&rsquo;un cabinet WC.<br>La location de cette chambre correspond \u00e0 une prestation en chambre d&rsquo;h\u00f4te, c&rsquo;est-\u00e0-dire comprenant la fourniture des draps et des petits d\u00e9jeuners. Vous aurez aussi acc\u00e8s \u00e0 la piscine de la r\u00e9sidence aux heures et jours d&rsquo;ouvertures.<\/p>\n<\/div><\/div>\n\n\n\n<p><strong>REMISES en basse saison :<\/strong><\/p>\n\n\n\n<p><mark style=\"background-color:rgba(0, 0, 0, 0)\" class=\"has-inline-color has-luminous-vivid-orange-color\">Pour 2 ou 3 nuit\u00e9es cons\u00e9cutives : une remise de <strong>10%<\/strong> est accord\u00e9e ;<br>Pour 4 ou 5 nuit\u00e9es cons\u00e9cutives : une remise de <strong>20%<\/strong> est accord\u00e9e ;<br>Pour 6 nuit\u00e9es cons\u00e9cutives : une remise de <strong>25% <\/strong>est accord\u00e9e ;<br>Pour une semaine : une remise de <strong>30%<\/strong> est accord\u00e9e.<\/mark><br><br><mark style=\"background-color:rgba(0, 0, 0, 0)\" class=\"has-inline-color has-cyan-bluish-gray-color\"><sub>Ces remises ne sont pas cumulables entre elles.<\/sub><\/mark><\/p>\n\n\n\n<p><strong><span class=\"has-inline-color has-vivid-red-color\">Tarifs en chambre d&rsquo;h\u00f4te avec draps, serviettes et petit d\u00e9jeuner compris.<\/span><\/strong><\/p>\n\n\n\n<figure class=\"wp-block-table\"><table><tbody><tr><td class=\"has-text-align-center\" data-align=\"center\">Tarifs pour 1 personne<\/td><td class=\"has-text-align-center\" data-align=\"center\"><strong>Une nuit\u00e9e<\/strong><\/td><td class=\"has-text-align-center\" data-align=\"center\">Une nuit\u00e9e en <strong>demi-pension<\/strong><\/td><\/tr><tr><td class=\"has-text-align-center\" data-align=\"center\">Basse saison<\/td><td class=\"has-text-align-center\" data-align=\"center\">45,00\u20ac<\/td><td class=\"has-text-align-center\" data-align=\"center\">60,00\u20ac<\/td><\/tr><tr><td class=\"has-text-align-center\" data-align=\"center\">Haute saison<\/td><td class=\"has-text-align-center\" data-align=\"center\">60,00\u20ac<\/td><td class=\"has-text-align-center\" data-align=\"center\">75,00\u20ac<\/td><\/tr><\/tbody><\/table><figcaption class=\"wp-element-caption\">5\u20ac de frais de gestion + 0,80\u20ac par adulte et par nuit de taxe de s\u00e9jour sont \u00e0 compter en plus.<br>BS : Basse saison. Tout au long de l&rsquo;ann\u00e9e (hors vacances scolaires toutes zones, et hors sessions et \u00e9v\u00e9nements sur Paray-le-Monial).<br>MS : Moyenne saison. Toutes vacances scolaires toutes zones (hors \u00e9t\u00e9).<br>HS : Haute saison. Vacances estivales (hors sessions et \u00e9v\u00e9nements sur Paray-le-Monial).<br><\/figcaption><\/figure>\n\n\n\n<figure class=\"wp-block-table aligncenter\"><table><tbody><tr><td class=\"has-text-align-center\" data-align=\"center\">Tarifs pour 2 personnes<\/td><td class=\"has-text-align-center\" data-align=\"center\"><strong>Une nuit\u00e9e<\/strong><\/td><td class=\"has-text-align-center\" data-align=\"center\">Une nuit\u00e9e en <strong>demi-pension<\/strong><\/td><\/tr><tr><td class=\"has-text-align-center\" data-align=\"center\">Basse saison<\/td><td class=\"has-text-align-center\" data-align=\"center\">60,00\u20ac<\/td><td class=\"has-text-align-center\" data-align=\"center\">90,00\u20ac<\/td><\/tr><tr><td class=\"has-text-align-center\" data-align=\"center\">Haute saison<\/td><td class=\"has-text-align-center\" data-align=\"center\">80,00\u20ac<\/td><td class=\"has-text-align-center\" data-align=\"center\">110,00\u20ac<\/td><\/tr><tr><td class=\"has-text-align-center\" data-align=\"center\"><span class=\"has-inline-color has-luminous-vivid-amber-color\"><sub>Possibilit\u00e9 d&rsquo;avoir 2 lits jumeaux plut\u00f4t qu&rsquo;un lit double, sur demande au moment de la r\u00e9servation.<\/sub><\/span><\/td><td class=\"has-text-align-center\" data-align=\"center\"><\/td><td class=\"has-text-align-center\" data-align=\"center\"><\/td><\/tr><\/tbody><\/table><figcaption class=\"wp-element-caption\"><em><em>5\u20ac de frais de gestion + 0,80\u20ac par adulte et par nuit de taxe de s\u00e9jour sont \u00e0 compter en plus.<br><\/em><\/em><br><em><em>BS : Basse saison. Tout au long de l&rsquo;ann\u00e9e (hors vacances scolaires toutes zones, et hors sessions et \u00e9v\u00e9nements sur Paray-le-Monial).<br>MS : Moyenne saison. Toutes vacances scolaires toutes zones (hors \u00e9t\u00e9).<br>HS : Haute saison. Vacances estivales (hors sessions et \u00e9v\u00e9nements sur Paray-le-Monial).<\/em><\/em><br><\/figcaption><\/figure>\n\n\n\n\n\n\n\n<figure class=\"wp-block-gallery has-nested-images columns-default is-cropped wp-block-gallery-1 is-layout-flex wp-block-gallery-is-layout-flex\">\n<figure class=\"wp-block-image size-large\"><img fetchpriority=\"high\" decoding=\"async\" width=\"683\" height=\"1024\" data-id=\"570\" src=\"https:\/\/6io.fr\/wp-content\/uploads\/2021\/09\/IMGP6007-683x1024.jpg\" alt=\"\" class=\"wp-image-570\" srcset=\"https:\/\/6io.fr\/wp-content\/uploads\/2021\/09\/IMGP6007-683x1024.jpg 683w, https:\/\/6io.fr\/wp-content\/uploads\/2021\/09\/IMGP6007-200x300.jpg 200w, https:\/\/6io.fr\/wp-content\/uploads\/2021\/09\/IMGP6007-768x1152.jpg 768w, https:\/\/6io.fr\/wp-content\/uploads\/2021\/09\/IMGP6007-1024x1536.jpg 1024w, https:\/\/6io.fr\/wp-content\/uploads\/2021\/09\/IMGP6007-1365x2048.jpg 1365w, https:\/\/6io.fr\/wp-content\/uploads\/2021\/09\/IMGP6007-scaled.jpg 1707w\" sizes=\"(max-width: 683px) 100vw, 683px\" \/><figcaption class=\"wp-element-caption\">Jardin commun des h\u00f4tes SITIO \u00e0 Paray-le-Monial<\/figcaption><\/figure>\n\n\n\n<figure class=\"wp-block-image size-large\"><img decoding=\"async\" width=\"1024\" height=\"683\" data-id=\"545\" src=\"https:\/\/6io.fr\/wp-content\/uploads\/2021\/09\/DJI_0173-1024x683.jpg\" alt=\"\" class=\"wp-image-545\" srcset=\"https:\/\/6io.fr\/wp-content\/uploads\/2021\/09\/DJI_0173-1024x683.jpg 1024w, https:\/\/6io.fr\/wp-content\/uploads\/2021\/09\/DJI_0173-300x200.jpg 300w, https:\/\/6io.fr\/wp-content\/uploads\/2021\/09\/DJI_0173-768x512.jpg 768w, https:\/\/6io.fr\/wp-content\/uploads\/2021\/09\/DJI_0173-1536x1024.jpg 1536w, https:\/\/6io.fr\/wp-content\/uploads\/2021\/09\/DJI_0173-2048x1365.jpg 2048w\" sizes=\"(max-width: 767px) 89vw, (max-width: 1000px) 54vw, (max-width: 1071px) 543px, 580px\" \/><figcaption class=\"wp-element-caption\">Piscine des chambres d&rsquo;h\u00f4te SITIO Paray-le-Monial<\/figcaption><\/figure>\n\n\n\n<figure class=\"wp-block-image size-large\"><img decoding=\"async\" width=\"1024\" height=\"683\" data-id=\"528\" src=\"https:\/\/6io.fr\/wp-content\/uploads\/2021\/09\/IMGP5979-1024x683.jpg\" alt=\"\" class=\"wp-image-528\" srcset=\"https:\/\/6io.fr\/wp-content\/uploads\/2021\/09\/IMGP5979-1024x683.jpg 1024w, https:\/\/6io.fr\/wp-content\/uploads\/2021\/09\/IMGP5979-300x200.jpg 300w, https:\/\/6io.fr\/wp-content\/uploads\/2021\/09\/IMGP5979-768x512.jpg 768w, https:\/\/6io.fr\/wp-content\/uploads\/2021\/09\/IMGP5979-1536x1024.jpg 1536w, https:\/\/6io.fr\/wp-content\/uploads\/2021\/09\/IMGP5979-2048x1365.jpg 2048w\" sizes=\"(max-width: 767px) 89vw, (max-width: 1000px) 54vw, (max-width: 1071px) 543px, 580px\" \/><figcaption class=\"wp-element-caption\">Philippe LECONTE<br>vous accueille lors de vos s\u00e9jours \u00e0 SITIO Paray-le-Monial<\/figcaption><\/figure>\n<\/figure>\n\n\n\n<figure class=\"wp-block-gallery has-nested-images columns-default is-cropped wp-block-gallery-2 is-layout-flex wp-block-gallery-is-layout-flex\">\n<figure class=\"wp-block-image size-large\"><img loading=\"lazy\" decoding=\"async\" width=\"480\" height=\"640\" data-id=\"632\" src=\"https:\/\/6io.fr\/wp-content\/uploads\/2021\/09\/IMG_7277-rotated.jpg\" alt=\"\" class=\"wp-image-632\" srcset=\"https:\/\/6io.fr\/wp-content\/uploads\/2021\/09\/IMG_7277-rotated.jpg 480w, https:\/\/6io.fr\/wp-content\/uploads\/2021\/09\/IMG_7277-225x300.jpg 225w\" sizes=\"(max-width: 480px) 100vw, 480px\" \/><figcaption class=\"wp-element-caption\">Entr\u00e9e chambre double Ste-Marguerite-Marie SITIO Paray-le-Monial<\/figcaption><\/figure>\n\n\n\n<figure class=\"wp-block-image size-large\"><img loading=\"lazy\" decoding=\"async\" width=\"480\" height=\"640\" data-id=\"633\" src=\"https:\/\/6io.fr\/wp-content\/uploads\/2021\/09\/IMG_7278-rotated.jpg\" alt=\"\" class=\"wp-image-633\" srcset=\"https:\/\/6io.fr\/wp-content\/uploads\/2021\/09\/IMG_7278-rotated.jpg 480w, https:\/\/6io.fr\/wp-content\/uploads\/2021\/09\/IMG_7278-225x300.jpg 225w\" sizes=\"(max-width: 480px) 100vw, 480px\" \/><figcaption class=\"wp-element-caption\">Chambre d&rsquo;h\u00f4te Ste-Marguerite-Marie SITIO Paray-le-Monial<\/figcaption><\/figure>\n\n\n\n<figure class=\"wp-block-image size-large\"><img loading=\"lazy\" decoding=\"async\" width=\"480\" height=\"640\" data-id=\"635\" src=\"https:\/\/6io.fr\/wp-content\/uploads\/2021\/09\/IMG_7280-rotated.jpg\" alt=\"\" class=\"wp-image-635\" srcset=\"https:\/\/6io.fr\/wp-content\/uploads\/2021\/09\/IMG_7280-rotated.jpg 480w, https:\/\/6io.fr\/wp-content\/uploads\/2021\/09\/IMG_7280-225x300.jpg 225w\" sizes=\"(max-width: 480px) 100vw, 480px\" \/><figcaption class=\"wp-element-caption\">Chambre d&rsquo;h\u00f4te double Ste-Marguerite-Marie SITIO Paray-le-Monial<\/figcaption><\/figure>\n\n\n\n<figure class=\"wp-block-image size-large\"><img loading=\"lazy\" decoding=\"async\" width=\"480\" height=\"640\" data-id=\"634\" src=\"https:\/\/6io.fr\/wp-content\/uploads\/2021\/09\/IMG_7279-rotated.jpg\" alt=\"\" class=\"wp-image-634\" srcset=\"https:\/\/6io.fr\/wp-content\/uploads\/2021\/09\/IMG_7279-rotated.jpg 480w, https:\/\/6io.fr\/wp-content\/uploads\/2021\/09\/IMG_7279-225x300.jpg 225w\" sizes=\"(max-width: 480px) 100vw, 480px\" \/><figcaption class=\"wp-element-caption\">Chambre d&rsquo;h\u00f4te double Ste-Marguerite-Marie SITIO Paray-le-Monial<\/figcaption><\/figure>\n\n\n\n<figure class=\"wp-block-image size-large\"><img loading=\"lazy\" decoding=\"async\" width=\"480\" height=\"640\" data-id=\"642\" src=\"https:\/\/6io.fr\/wp-content\/uploads\/2021\/09\/IMG_7288-rotated.jpg\" alt=\"\" class=\"wp-image-642\" srcset=\"https:\/\/6io.fr\/wp-content\/uploads\/2021\/09\/IMG_7288-rotated.jpg 480w, https:\/\/6io.fr\/wp-content\/uploads\/2021\/09\/IMG_7288-225x300.jpg 225w\" sizes=\"(max-width: 480px) 100vw, 480px\" \/><figcaption class=\"wp-element-caption\">Cabinet WC chambre Ste-Marguerite-Marie SITIO Paray-le-Monial<\/figcaption><\/figure>\n\n\n\n<figure class=\"wp-block-image size-large\"><img loading=\"lazy\" decoding=\"async\" width=\"640\" height=\"480\" data-id=\"646\" src=\"https:\/\/6io.fr\/wp-content\/uploads\/2021\/09\/IMG_7292.jpg\" alt=\"\" class=\"wp-image-646\" srcset=\"https:\/\/6io.fr\/wp-content\/uploads\/2021\/09\/IMG_7292.jpg 640w, https:\/\/6io.fr\/wp-content\/uploads\/2021\/09\/IMG_7292-300x225.jpg 300w\" sizes=\"(max-width: 640px) 100vw, 640px\" \/><figcaption class=\"wp-element-caption\">WC Sanibroyeur Ste-Marguerite-Marie SITIO Paray-le-Monial<\/figcaption><\/figure>\n\n\n\n<figure class=\"wp-block-image size-large\"><img loading=\"lazy\" decoding=\"async\" width=\"640\" height=\"480\" data-id=\"636\" src=\"https:\/\/6io.fr\/wp-content\/uploads\/2021\/09\/IMG_7281.jpg\" alt=\"\" class=\"wp-image-636\" srcset=\"https:\/\/6io.fr\/wp-content\/uploads\/2021\/09\/IMG_7281.jpg 640w, https:\/\/6io.fr\/wp-content\/uploads\/2021\/09\/IMG_7281-300x225.jpg 300w\" sizes=\"(max-width: 640px) 100vw, 640px\" \/><figcaption class=\"wp-element-caption\">Cabine de douche incluse dans la chambre Ste-Marguerite-Marie SITIO Paray-le-Monial<\/figcaption><\/figure>\n<\/figure>\n","protected":false},"excerpt":{"rendered":"<p>Cette chambre se situe au 1er \u00e9tage, elle est compos\u00e9e d&rsquo;un lit double. Il est possible de transformer le lit double en 2 lits jumeaux. Dans cette chambre, vous disposez d&rsquo;une douche, d&rsquo;un lavabo et d&rsquo;un cabinet WC.La location de cette chambre correspond \u00e0 une prestation en chambre d&rsquo;h\u00f4te, c&rsquo;est-\u00e0-dire comprenant la fourniture des draps &hellip; <\/p>\n<p class=\"link-more\"><a href=\"https:\/\/6io.fr\/index.php\/chambre-sainte-marguerite-marie\/\" class=\"more-link\">Continuer la lecture<span class=\"screen-reader-text\"> de &laquo;&nbsp;Chambre Sainte-Marguerite-Marie&nbsp;&raquo;<\/span><\/a><\/p>\n","protected":false},"author":1,"featured_media":0,"parent":0,"menu_order":0,"comment_status":"closed","ping_status":"closed","template":"","meta":{"footnotes":""},"class_list":["post-236","page","type-page","status-publish","hentry"],"_links":{"self":[{"href":"https:\/\/6io.fr\/index.php\/wp-json\/wp\/v2\/pages\/236","targetHints":{"allow":["GET"]}}],"collection":[{"href":"https:\/\/6io.fr\/index.php\/wp-json\/wp\/v2\/pages"}],"about":[{"href":"https:\/\/6io.fr\/index.php\/wp-json\/wp\/v2\/types\/page"}],"author":[{"embeddable":true,"href":"https:\/\/6io.fr\/index.php\/wp-json\/wp\/v2\/users\/1"}],"replies":[{"embeddable":true,"href":"https:\/\/6io.fr\/index.php\/wp-json\/wp\/v2\/comments?post=236"}],"version-history":[{"count":21,"href":"https:\/\/6io.fr\/index.php\/wp-json\/wp\/v2\/pages\/236\/revisions"}],"predecessor-version":[{"id":1068,"href":"https:\/\/6io.fr\/index.php\/wp-json\/wp\/v2\/pages\/236\/revisions\/1068"}],"wp:attachment":[{"href":"https:\/\/6io.fr\/index.php\/wp-json\/wp\/v2\/media?parent=236"}],"curies":[{"name":"wp","href":"https:\/\/api.w.org\/{rel}","templated":true}]}}